factor of 128 and 176?
16
What is the highest common divisor of 492 and 41?
41
Calculate the highest common divisor of 333 and 36.
9
What is the greatest common divisor of 320 and 170?
10
Calculate the greatest common divisor of 28 and 7700.
28
Calculate the greatest common divisor of 236 and 10.
2
Calculate the greatest common factor of 5 and 6505.
5
What is the highest common factor of 19643 and 13?
13
Calculate the greatest common divisor of 650 and 550.
50
What is the greatest common factor of 312 and 442?
26
Calculate the greatest common factor of 55 and 6215.
55
What is the highest common divisor of 325 and 2025?
25
Calculate the greatest common factor of 543 and 57.
3
What is the greatest common factor of 26 and 182?
26
What is the greatest common divisor of 346 and 32?
2
Calculate the greatest common factor of 3776 and 96.
32
What is the greatest common divisor of 504 and 2808?
72
Calculate the greatest common divisor of 360 and 60.
60
What is the greatest common factor of 119 and 21?
7
Calculate the highest common divisor of 12 and 222.
6
What is the greatest common divisor of 114 and 380?
38
Calculate the greatest common divisor of 26 and 1729.
13
What is the highest common divisor of 27007 and 565?
113
Calculate the highest common divisor of 22 and 64405.
11
What is the greatest common divisor of 322 and 138?
46
Calculate the greatest common divisor of 2321 and 211.
211
Calculate the greatest common factor of 14949 and 99.
99
Calculate the highest common factor of 84 and 9912.
84
Calculate the highest common divisor of 247 and 52.
13
Calculate the highest common divisor of 1222 and 26.
26
Calculate the highest common factor of 684 and 1083.
57
Calculate the greatest common factor of 442 and 104.
26
Calculate the greatest common divisor of 34 and 31858.
34
Calculate the highest common divisor of 442 and 598.
26
Calculate the highest common divisor of 117 and 1131.
39
Calculate the greatest common factor of 32 and 22336.
32
Calculate the highest common factor of 2233 and 29.
29
What is the greatest common divisor of 104 and 377?
13
What is the greatest common divisor of 2340 and 14430?
390
What is the highest common divisor of 864 and 27?
27
What is the greatest common factor of 106 and 2?
2
What is the highest common divisor of 72 and 3924?
36
What is the greatest common factor of 47766 and 114?
114
Calculate the highest common divisor of 3859 and 2.
1
Calculate the highest common factor of 13912 and 740.
148
What is the highest common divisor of 8 and 114?
2
Calculate the greatest common factor of 13573 and 7.
7
What is the greatest common divisor of 36183 and 21?
21
Calculate the highest common factor of 207 and 9.
9
What is the greatest common factor of 144 and 540?
36
What is the highest common divisor of 180 and 520?
20
What is the highest common divisor of 76 and 703?
19
Calculate the highest common divisor of 610 and 1891.
61
Calculate the highest common divisor of 192 and 12.
12
Calculate the greatest common divisor of 20 and 932.
4
Calculate the greatest common divisor of 70 and 182.
14
Calculate the greatest common divisor of 323 and 51.
17
What is the greatest common divisor of 234 and 18?
18
What is the greatest common divisor of 74308 and 13?
13
What is the greatest common divisor of 8869 and 147?
49
Calculate the highest common factor of 640 and 26560.
320
What is the greatest common divisor of 48 and 1620?
12
Calculate the greatest common factor of 552 and 12.
12
Calculate the greatest common factor of 1014 and 16.
2
What is the greatest common factor of 185 and 26640?
185
Calculate the greatest common divisor of 13 and 143.
13
What is the highest common divisor of 13 and 4056?
13
What is the greatest common divisor of 3512 and 8?
8
What is the highest common divisor of 246 and 6478?
82
Calculate the highest common factor of 81 and 558.
9
What is the highest common factor of 60 and 3730?
10
What is the greatest common divisor of 90 and 516?
6
Calculate the greatest common factor of 8163 and 18.
9
Calculate the highest common divisor of 2944 and 460.
92
Calculate the highest common divisor of 460 and 1955.
115
What is the highest common divisor of 44 and 3?
1
Calculate the highest common divisor of 5415 and 2280.
285
Calculate the greatest common divisor of 356 and 4.
4
Calculate the highest common divisor of 325 and 585.
65
What is the highest common divisor of 1176 and 168?
168
What is the greatest common divisor of 5187 and 13?
13
Calculate the greatest common divisor of 30 and 710.
10
Calculate the greatest common factor of 36 and 68.
4
What is the highest common factor of 782 and 34?
34
Calculate the highest common factor of 69 and 46.
23
Calculate the highest common divisor of 224 and 42.
14
Calculate the highest common factor of 888 and 111.
111
Calculate the highest common divisor of 78 and 208.
26
Calculate the greatest common divisor of 48 and 20568.
24
What is the highest common factor of 3007 and 97?
97
What is the greatest common factor of 206 and 9579?
103
Calculate the highest common divisor of 12 and 53412.
12
What is the highest common divisor of 585 and 26?
13
Calculate the greatest common factor of 6 and 33.
3
What is the highest common divisor of 1392 and 812?
116
Calculate the highest common factor of 2 and 706.
2
What is the greatest common factor of 351 and 13?
13
What is the highest common factor of 1271 and 287?
41
What is the highest common divisor of 65 and 320?
5
What is the highest common divisor of 260 and 104?
52
Calculate the highest common divisor of 572 and 104.
52
Calculate the highest common factor of 13392 and 31.
31
Calculate the highest common divisor of 32 and 200.
8
Calculate the highest common factor of 390 and 1287.
39
What is the highest common divisor of 12454 and 26?
26
Calculate the highest common divisor of 688 and 16.
16
Calculate the greatest common divisor of 20 and 80.
20
What is the greatest common factor of 435 and 30?
15
What is the greatest common divisor of 96 and 54?
6
What is the highest common divisor of 2444 and 282?
94
Calculate the greatest common divisor of 6724 and 1476.
164
What is the greatest common factor of 76 and 52?
4
What is the greatest common factor of 624 and 702?
78
Calculate the greatest common divisor of 735 and 140.
35
What is the greatest common factor of 222 and 1591?
37
Calculate the greatest common divisor of 66 and 3993.
33
What is the greatest common factor of 42 and 2072?
14
What is the greatest common divisor of 5096 and 104?
104
Calculate the highest common divisor of 204 and 221.
17
Calculate the greatest common factor of 1552 and 112.
16
Calculate the highest common divisor of 2848 and 979.
89
What is the highest common factor of 2060 and 640?
20
Calculate the highest common factor of 432 and 656.
16
What is the highest common divisor of 2598 and 66?
6
What is the highest common factor of 91 and 377?
13
Calculate the highest common divisor of 5254 and 284.
142
Calculate the greatest common factor of 5566 and 22.
22
Calculate the highest common factor of 2134 and 22.
22
Calculate the greatest common divisor of 144 and 86544.
144
What is the highest common factor of 192 and 912?
48
Calculate the highest common factor of 5759 and 117.
13
Calculate the highest common factor of 437 and 69.
23
Calculate the greatest common factor of 210 and 32410.
70
What is the highest common divisor of 28 and 3164?
28
What is the greatest common factor of 1396 and 26175?
349
What is the highest common factor of 75 and 12225?
75
What is the greatest common divisor of 11 and 1111?
11
What is the greatest common factor of 18 and 495?
9
What is the greatest common divisor of 360 and 240?
120
Calculate the greatest common divisor of 2016 and 1827.
63
What is the greatest common factor of 234 and 4329?
117
Calculate the greatest common factor of 8 and 5.
1
Calculate the greatest common divisor of 2379 and 702.
39
Calculate the greatest common divisor of 1854 and 412.
206
What is the highest common factor of 125 and 5450?
25
Calculate the highest common factor of 56 and 4536.
56
Calculate the highest common factor of 52 and 130.
26
What is the highest common divisor of 8 and 664?
8
Calculate the greatest common divisor of 161 and 7.
7
What is the greate